{"id":4533,"date":"2026-08-27T08:42:52","date_gmt":"2026-08-27T06:42:52","guid":{"rendered":"https:\/\/povijest.net\/hpp\/?post_type=sc_speakers&#038;p=4533"},"modified":"2026-08-27T08:42:52","modified_gmt":"2026-08-27T06:42:52","slug":"ivan-podnar","status":"publish","type":"sc_speakers","link":"https:\/\/povijest.net\/hpp\/speakers\/ivan-podnar\/","title":{"rendered":"Ivan Podnar"},"featured_media":0,"template":"","class_list":["post-4533","sc_speakers","type-sc_speakers","status-publish","hentry"],"blocksy_meta":{"styles_descriptor":{"styles":{"desktop":"","tablet":"","mobile":""},"google_fonts":[],"version":7}},"speaker_data":{"id":4533,"title":"Ivan Podnar","content":"Ivan Podnar magistar je edukacije povijesti i povijesti umjetnosti te u\u010ditelj Povijesti u Osnovnoj \u0161koli Ivana Gorana Kova\u010di\u0107a u Vrbovskom. Sudjelovao je u brojnim stru\u010dnim edukacijama i obrazovnim programima, me\u0111u kojima su Holocaust Studies u Jeruzalemu, seminar Mo\u0107 osobnih pri\u010da u suo\u010davanju sa zaboravom u Dachauu te \u0160kola dru\u0161tvene pravednosti u Zagrebu.","sugarcalendar_speaker_title":"","sugarcalendar_speaker_email":"ivanpodnar@gmail.com","sugarcalendar_speaker_phone":"","sugarcalendar_speaker_website":"","sugarcalendar_speaker_linkedin":"","sugarcalendar_speaker_instagram":"","sugarcalendar_speaker_facebook":"","sugarcalendar_speaker_twitter":"","sugarcalendar_speaker_youtube":""},"_links":{"self":[{"href":"https:\/\/povijest.net\/hpp\/wp-json\/wp\/v2\/sc_speakers\/4533","targetHints":{"allow":["GET"]}}],"collection":[{"href":"https:\/\/povijest.net\/hpp\/wp-json\/wp\/v2\/sc_speakers"}],"about":[{"href":"https:\/\/povijest.net\/hpp\/wp-json\/wp\/v2\/types\/sc_speakers"}],"wp:attachment":[{"href":"https:\/\/povijest.net\/hpp\/wp-json\/wp\/v2\/media?parent=4533"}],"curies":[{"name":"wp","href":"https:\/\/api.w.org\/{rel}","templated":true}]}}

Ivan Podnar magistar je edukacije povijesti i povijesti umjetnosti te učitelj Povijesti u Osnovnoj školi Ivana Gorana Kovačića u Vrbovskom. Sudjelovao je u brojnim stručnim edukacijama i obrazovnim programima, među kojima su Holocaust Studies u Jeruzalemu, seminar Moć osobnih priča u suočavanju sa zaboravom u Dachauu te Škola društvene pravednosti u Zagrebu.
